{"id":22041,"date":"2022-03-21T16:09:45","date_gmt":"2022-03-21T16:09:45","guid":{"rendered":"https:\/\/www.unavets.com\/politica-de-privacidade\/"},"modified":"2025-10-30T09:56:15","modified_gmt":"2025-10-30T09:56:15","slug":"politica-de-privacidade","status":"publish","type":"page","link":"https:\/\/www.unavets.com\/pt-pt\/politica-de-privacidade\/","title":{"rendered":"Pol\u00edtica de Privacidade &#8211; UNAVETS CORP S.L"},"content":{"rendered":"\t\t<div data-elementor-type=\"wp-post\" data-elementor-id=\"22041\" class=\"elementor elementor-22041 elementor-9676\" data-elementor-post-type=\"page\">\n\t\t\t\t\t\t<section class=\"elementor-section elementor-top-section elementor-element elementor-element-7fd4b68 elementor-section-boxed elementor-section-height-default elementor-section-height-default\" data-id=\"7fd4b68\" data-element_type=\"section\" data-e-type=\"section\" id=\"main-sec\">\n\t\t\t\t\t\t<div class=\"elementor-container elementor-column-gap-default\">\n\t\t\t\t\t<div class=\"elementor-column elementor-col-100 elementor-top-column elementor-element elementor-element-517429c\" data-id=\"517429c\" data-element_type=\"column\" data-e-type=\"column\">\n\t\t\t<div class=\"elementor-widget-wrap elementor-element-populated\">\n\t\t\t\t\t\t<div class=\"elementor-element elementor-element-31dd39e elementor-widget elementor-widget-text-editor\" data-id=\"31dd39e\" data-element_type=\"widget\" data-e-type=\"widget\" data-widget_type=\"text-editor.default\">\n\t\t\t\t<div class=\"elementor-widget-container\">\n\t\t\t\t\t\t\t\t\t<h4><strong>1. INFORMA\u00c7\u00c3O PARA O UTILIZADOR<\/strong><\/h4>\n<p><span style=\"color: #333399;\"><strong><em>Quem \u00e9 o respons\u00e1vel pelo tratamento dos seus dados?<\/em><\/strong><\/span><\/p>\n<p>A UNAVETS CORP S.L. \u00e9 a RESPONS\u00c1VEL pelo tratamento dos dados pessoais do UTILIZADOR e informa que esses dados ser\u00e3o tratados de acordo com o disposto no Regulamento (UE) 2016\/679, de 27 de abril (RGPD), e na Lei Org\u00e2nica espanhola 3\/2018, de 5 de dezembro (LOPDGDD).<\/p>\n<p><span style=\"color: #333399;\"><strong><em>Para que tratamos os seus dados e porque o fazemos?<\/em><\/strong><\/span><\/p>\n<p>De acordo com o formul\u00e1rio em que obtivermos os seus dados pessoais, trat\u00e1-los-emos de forma confidencial para alcan\u00e7ar as seguintes finalidades:<\/p>\n<p>No formul\u00e1rio de <strong>Encontros:<\/strong><\/p>\n<ul>\n<li>Agendar encontros e reuni\u00f5es com o respons\u00e1vel. <em>(por leg\u00edtimo interesse do respons\u00e1vel, art.\u00ba 6.1.f do RGPD)<\/em><\/li>\n<\/ul>\n<p>No formul\u00e1rio de <strong>Contacto:<\/strong><\/p>\n<ul>\n<li>Responder \u00e0s consultas ou a qualquer tipo de pedido feito pelo utilizador atrav\u00e9s de qualquer das formas de contacto postas \u00e0 sua disposi\u00e7\u00e3o no site do respons\u00e1vel. <em>(por leg\u00edtimo interesse do respons\u00e1vel, art.\u00ba 6.1.f do RGPD)<\/em><\/li>\n<li>Realizar an\u00e1lises estat\u00edsticas e estudos de mercado.<em> (por leg\u00edtimo interesse do respons\u00e1vel, art.\u00ba 6.1.f do RGPD)<\/em><\/li>\n<\/ul>\n<p>No formul\u00e1rio de <strong>CV:<\/strong><\/p>\n<ul>\n<li>Para envolver a pessoa em causa em processos de recrutamento e analisar o perfil do candidato com o objetivo de selecionar um candidato para a posi\u00e7\u00e3o vaga do respons\u00e1vel pelo tratamento (por consentimento da pessoa em causa, 6.1.a RGPD).<\/li>\n<\/ul>\n<p><span style=\"color: #333399;\"><em><strong>Durante quanto tempo conservaremos os seus dados pesssoais?<\/strong><\/em><\/span><\/p>\n<p>Ser\u00e3o conservados por n\u00e3o mais do que o tempo necess\u00e1rio para manter a finalidade do tratamento ou existam prescri\u00e7\u00f5es legais que ditem a sua cust\u00f3dia e, quando j\u00e1 n\u00e3o forem necess\u00e1rios para isso, ser\u00e3o eliminados com medidas de seguran\u00e7a adequadas para garantir a anonimiza\u00e7\u00e3o dos dados ou a destrui\u00e7\u00e3o total dos mesmos.<\/p>\n<p><span style=\"color: #333399;\"><em><b>A quem fornecemos os seus dados pessoais?<\/b><\/em><\/span><\/p>\n<p>N\u00e3o est\u00e1 prevista nenhuma comunica\u00e7\u00e3o de dados pessoais a terceiros, exceto for se necess\u00e1rio para o desenvolvimento e execu\u00e7\u00e3o das finalidades do tratamento, aos nossos fornecedores de servi\u00e7os relacionados com comunica\u00e7\u00f5es, com os quais o RESPONS\u00c1VEL tem assinados contratos de confidencialidade e de subcontrata\u00e7\u00e3o do tratamento exigidos pelos regulamentos de privacidade em vigor.<\/p>\n<p><span style=\"color: #333399;\"><em><b>Quais s\u00e3o os seus direitos?<\/b><\/em><\/span><\/p>\n<p>Os direitos do UTILIZADOR s\u00e3o:<\/p>\n<ul>\n<li>Direito de retirar o consentimento a qualquer momento.<\/li>\n<li>Direito de acesso, retifica\u00e7\u00e3o, portabilidade e elimina\u00e7\u00e3o dos seus dados, e limita\u00e7\u00e3o ou oposi\u00e7\u00e3o ao seu tratamento.<\/li>\n<li>Direito de apresentar uma reclama\u00e7\u00e3o \u00e0 autoridade de controlo (www.aepd.es) se considerar que o tratamento n\u00e3o est\u00e1 em conformidade com os regulamentos em vigor.<\/li>\n<\/ul>\n<p><strong>Dados de contacto para exercer os seus direitos:<\/strong><\/p>\n<ul>\n<li>UNAVETS CORP S.L.&nbsp;<span style=\"font-family: &quot;Arial MT&quot;, sans-serif; font-size: 14.6667px; letter-spacing: 1.06667px;\">Av. de Burgos, 16D, Planta 10 derecha, Chamart\u00edn, 28036 Madrid.<\/span><\/li>\n<li>E-mail: protecciondedatos@unavets.com<\/li>\n<\/ul>\n<p><strong>Dados de contacto do respons\u00e1vel pela prote\u00e7\u00e3o de dados:<\/strong><\/p>\n<ul>\n<li>LEGAL ADAPTA, CALLE R\u00cdO SAN PEDRO N.\u00ba 4 1\u00ba DCHA, OVIEDO.<\/li>\n<li>E-mail: dpo@legaladapta.com<\/li>\n<\/ul>\n<h4><strong>2. NATUREZA OBRIGAT\u00d3RIA OU FACULTATIVA DAS INFORMA\u00c7\u00d5ES FORNECIDAS PELO UTILIZADOR<\/strong><\/h4>\n<p>Os UTILIZADORES, ao marcarem as caixas correspondentes e inserirem dados nos campos marcados com um asterisco (*) no formul\u00e1rio de contacto ou apresentados em formul\u00e1rios de transfer\u00eancia, aceitam expressamente e de forma livre e inequ\u00edvoca que os seus dados s\u00e3o necess\u00e1rios para responder ao seu pedido pelo fornecedor, sendo volunt\u00e1ria a inclus\u00e3o de dados nos campos restantes. O UTILIZADOR garante que os dados pessoais fornecidos ao RESPONS\u00c1VEL s\u00e3o verdadeiros e responsabiliza-se por comunicar quaisquer altera\u00e7\u00f5es dos mesmos.<\/p>\n<p>O RESPONS\u00c1VEL informa que todos os dados solicitados atrav\u00e9s do site s\u00e3o obrigat\u00f3rios, porque s\u00e3o necess\u00e1rios para a presta\u00e7\u00e3o de um servi\u00e7o \u00f3timo ao UTILIZADOR. No caso n\u00e3o serem fornecidos de todos os dados, n\u00e3o \u00e9 garantido que as informa\u00e7\u00f5es e servi\u00e7os fornecidos sejam completamente ajustados \u00e0s suas necessidades.<\/p>\n<h4><strong>3. MEDIDAS DE SEGURAN\u00c7A<\/strong><\/h4>\n<p>Que em conformidade com o disposto na regulamenta\u00e7\u00e3o em vigor sobre a prote\u00e7\u00e3o de dados pessoais, o RESPONS\u00c1VEL pelo tratamento est\u00e1 a cumprir todas as disposi\u00e7\u00f5es do RGPD e da LOPDGDD para o tratamento de dados pessoais sob a sua responsabilidade, e manifestamente com os princ\u00edpios descritos no artigo 5.\u00ba do RGPD, pelo que s\u00e3o tratados de forma l\u00edcita, justa e transparente em rela\u00e7\u00e3o ao titular dos dados e adequada, relevante e limitada ao que \u00e9 necess\u00e1rio em rela\u00e7\u00e3o \u00e0s finalidades para as quais s\u00e3o tratados.<\/p>\n<p>O RESPONS\u00c1VEL garante que implementou pol\u00edticas t\u00e9cnicas e organizacionais adequadas para aplicar as medidas de seguran\u00e7a estabelecidas pelo RGPD e pela LOPDGDD com o fim de proteger os direitos e liberdades dos UTILIZADORES e comunicou as informa\u00e7\u00f5es apropriadas para que possam exerc\u00ea-las.<\/p>\n<p>Para mais informa\u00e7\u00f5es sobre garantias de privacidade, pode contactar o RESPONS\u00c1VEL pelo tratamento para:<\/p>\n<ul>\n<li>UNAVETS CORP S.L.&nbsp;<span style=\"font-family: &quot;Arial MT&quot;, sans-serif; font-size: 14.6667px; letter-spacing: 1.06667px;\">Av. de Burgos, 16D, Planta 10 derecha, Chamart\u00edn, 28036 Madrid.<\/span><\/li>\n<li>E-mail: protecciondedatos@unavets.com<\/li>\n<\/ul>\n<p><strong>Dados de contacto do respons\u00e1vel pela prote\u00e7\u00e3o de dados:<\/strong><\/p>\n<ul>\n<li>LEGAL ADAPTA, CALLE R\u00cdO SAN PEDRO N.\u00ba 4 1\u00ba DCHA, OVIEDO.<\/li>\n<li>E-mail: dpo@legaladapta.com<\/li>\n<\/ul>\t\t\t\t\t\t\t\t<\/div>\n\t\t\t\t<\/div>\n\t\t\t\t\t<\/div>\n\t\t<\/div>\n\t\t\t\t\t<\/div>\n\t\t<\/section>\n\t\t\t\t<\/div>\n\t\t","protected":false},"excerpt":{"rendered":"<p>1. INFORMA\u00c7\u00c3O PARA O UTILIZADOR Quem \u00e9 o respons\u00e1vel pelo tratamento dos seus dados? A UNAVETS CORP S.L. \u00e9 a RESPONS\u00c1VEL pelo tratamento dos dados pessoais do UTILIZADOR e informa que esses dados ser\u00e3o tratados de acordo com o disposto no Regulamento (UE) 2016\/679, de 27 de abril (RGPD), e na Lei Org\u00e2nica espanhola 3\/2018, &hellip; <\/p>\n","protected":false},"author":1,"featured_media":0,"parent":0,"menu_order":0,"comment_status":"closed","ping_status":"closed","template":"page-fullwidth.php","meta":{"_acf_changed":false,"content-type":"","footnotes":""},"class_list":["post-22041","page","type-page","status-publish","hentry"],"acf":[],"_links":{"self":[{"href":"https:\/\/www.unavets.com\/pt-pt\/wp-json\/wp\/v2\/pages\/22041","targetHints":{"allow":["GET"]}}],"collection":[{"href":"https:\/\/www.unavets.com\/pt-pt\/wp-json\/wp\/v2\/pages"}],"about":[{"href":"https:\/\/www.unavets.com\/pt-pt\/wp-json\/wp\/v2\/types\/page"}],"author":[{"embeddable":true,"href":"https:\/\/www.unavets.com\/pt-pt\/wp-json\/wp\/v2\/users\/1"}],"replies":[{"embeddable":true,"href":"https:\/\/www.unavets.com\/pt-pt\/wp-json\/wp\/v2\/comments?post=22041"}],"version-history":[{"count":10,"href":"https:\/\/www.unavets.com\/pt-pt\/wp-json\/wp\/v2\/pages\/22041\/revisions"}],"predecessor-version":[{"id":33537,"href":"https:\/\/www.unavets.com\/pt-pt\/wp-json\/wp\/v2\/pages\/22041\/revisions\/33537"}],"wp:attachment":[{"href":"https:\/\/www.unavets.com\/pt-pt\/wp-json\/wp\/v2\/media?parent=22041"}],"curies":[{"name":"wp","href":"https:\/\/api.w.org\/{rel}","templated":true}]}}

Política de Privacidade &#8211; UNAVETS CORP S.L

<div data-elementor-type="wp-post" data-elementor-id="22041" class="elementor elementor-22041 elementor-9676" data-elementor-post-type="page">
						<section class="elementor-section elementor-top-section elementor-element elementor-element-7fd4b68 elementor-section-boxed elementor-section-height-default elementor-section-height-default" data-id="7fd4b68" data-element_type="section" data-e-type="section" id="main-sec">
						<div class="elementor-container elementor-column-gap-default">
					<div class="elementor-column elementor-col-100 elementor-top-column elementor-element elementor-element-517429c" data-id="517429c" data-element_type="column" data-e-type="column">
			<div class="elementor-widget-wrap elementor-element-populated">
						<div class="elementor-element elementor-element-31dd39e elementor-widget elementor-widget-text-editor" data-id="31dd39e" data-element_type="widget" data-e-type="widget" data-widget_type="text-editor.default">
				<div class="elementor-widget-container">
									<h4><strong>1. INFORMAÇÃO PARA O UTILIZADOR</strong></h4>
<p><span style="color: #333399;"><strong><em>Quem é o responsável pelo tratamento dos seus dados?</em></strong></span></p>
<p>A UNAVETS CORP S.L. é a RESPONSÁVEL pelo tratamento dos dados pessoais do UTILIZADOR e informa que esses dados serão tratados de acordo com o disposto no Regulamento (UE) 2016/679, de 27 de abril (RGPD), e na Lei Orgânica espanhola 3/2018, de 5 de dezembro (LOPDGDD).</p>
<p><span style="color: #333399;"><strong><em>Para que tratamos os seus dados e porque o fazemos?</em></strong></span></p>
<p>De acordo com o formulário em que obtivermos os seus dados pessoais, tratá-los-emos de forma confidencial para alcançar as seguintes finalidades:</p>
<p>No formulário de <strong>Encontros:</strong></p>
<ul>
<li>Agendar encontros e reuniões com o responsável. <em>(por legítimo interesse do responsável, art.º 6.1.f do RGPD)</em></li>
</ul>
<p>No formulário de <strong>Contacto:</strong></p>
<ul>
<li>Responder às consultas ou a qualquer tipo de pedido feito pelo utilizador através de qualquer das formas de contacto postas à sua disposição no site do responsável. <em>(por legítimo interesse do responsável, art.º 6.1.f do RGPD)</em></li>
<li>Realizar análises estatísticas e estudos de mercado.<em> (por legítimo interesse do responsável, art.º 6.1.f do RGPD)</em></li>
</ul>
<p>No formulário de <strong>CV:</strong></p>
<ul>
<li>Para envolver a pessoa em causa em processos de recrutamento e analisar o perfil do candidato com o objetivo de selecionar um candidato para a posição vaga do responsável pelo tratamento (por consentimento da pessoa em causa, 6.1.a RGPD).</li>
</ul>
<p><span style="color: #333399;"><em><strong>Durante quanto tempo conservaremos os seus dados pesssoais?</strong></em></span></p>
<p>Serão conservados por não mais do que o tempo necessário para manter a finalidade do tratamento ou existam prescrições legais que ditem a sua custódia e, quando já não forem necessários para isso, serão eliminados com medidas de segurança adequadas para garantir a anonimização dos dados ou a destruição total dos mesmos.</p>
<p><span style="color: #333399;"><em><b>A quem fornecemos os seus dados pessoais?</b></em></span></p>
<p>Não está prevista nenhuma comunicação de dados pessoais a terceiros, exceto for se necessário para o desenvolvimento e execução das finalidades do tratamento, aos nossos fornecedores de serviços relacionados com comunicações, com os quais o RESPONSÁVEL tem assinados contratos de confidencialidade e de subcontratação do tratamento exigidos pelos regulamentos de privacidade em vigor.</p>
<p><span style="color: #333399;"><em><b>Quais são os seus direitos?</b></em></span></p>
<p>Os direitos do UTILIZADOR são:</p>
<ul>
<li>Direito de retirar o consentimento a qualquer momento.</li>
<li>Direito de acesso, retificação, portabilidade e eliminação dos seus dados, e limitação ou oposição ao seu tratamento.</li>
<li>Direito de apresentar uma reclamação à autoridade de controlo (www.aepd.es) se considerar que o tratamento não está em conformidade com os regulamentos em vigor.</li>
</ul>
<p><strong>Dados de contacto para exercer os seus direitos:</strong></p>
<ul>
<li>UNAVETS CORP S.L.&nbsp;<span style="font-family: &quot;Arial MT&quot;, sans-serif; font-size: 14.6667px; letter-spacing: 1.06667px;">Av. de Burgos, 16D, Planta 10 derecha, Chamartín, 28036 Madrid.</span></li>
<li>E-mail: protecciondedatos@unavets.com</li>
</ul>
<p><strong>Dados de contacto do responsável pela proteção de dados:</strong></p>
<ul>
<li>LEGAL ADAPTA, CALLE RÍO SAN PEDRO N.º 4 1º DCHA, OVIEDO.</li>
<li>E-mail: dpo@legaladapta.com</li>
</ul>
<h4><strong>2. NATUREZA OBRIGATÓRIA OU FACULTATIVA DAS INFORMAÇÕES FORNECIDAS PELO UTILIZADOR</strong></h4>
<p>Os UTILIZADORES, ao marcarem as caixas correspondentes e inserirem dados nos campos marcados com um asterisco (*) no formulário de contacto ou apresentados em formulários de transferência, aceitam expressamente e de forma livre e inequívoca que os seus dados são necessários para responder ao seu pedido pelo fornecedor, sendo voluntária a inclusão de dados nos campos restantes. O UTILIZADOR garante que os dados pessoais fornecidos ao RESPONSÁVEL são verdadeiros e responsabiliza-se por comunicar quaisquer alterações dos mesmos.</p>
<p>O RESPONSÁVEL informa que todos os dados solicitados através do site são obrigatórios, porque são necessários para a prestação de um serviço ótimo ao UTILIZADOR. No caso não serem fornecidos de todos os dados, não é garantido que as informações e serviços fornecidos sejam completamente ajustados às suas necessidades.</p>
<h4><strong>3. MEDIDAS DE SEGURANÇA</strong></h4>
<p>Que em conformidade com o disposto na regulamentação em vigor sobre a proteção de dados pessoais, o RESPONSÁVEL pelo tratamento está a cumprir todas as disposições do RGPD e da LOPDGDD para o tratamento de dados pessoais sob a sua responsabilidade, e manifestamente com os princípios descritos no artigo 5.º do RGPD, pelo que são tratados de forma lícita, justa e transparente em relação ao titular dos dados e adequada, relevante e limitada ao que é necessário em relação às finalidades para as quais são tratados.</p>
<p>O RESPONSÁVEL garante que implementou políticas técnicas e organizacionais adequadas para aplicar as medidas de segurança estabelecidas pelo RGPD e pela LOPDGDD com o fim de proteger os direitos e liberdades dos UTILIZADORES e comunicou as informações apropriadas para que possam exercê-las.</p>
<p>Para mais informações sobre garantias de privacidade, pode contactar o RESPONSÁVEL pelo tratamento para:</p>
<ul>
<li>UNAVETS CORP S.L.&nbsp;<span style="font-family: &quot;Arial MT&quot;, sans-serif; font-size: 14.6667px; letter-spacing: 1.06667px;">Av. de Burgos, 16D, Planta 10 derecha, Chamartín, 28036 Madrid.</span></li>
<li>E-mail: protecciondedatos@unavets.com</li>
</ul>
<p><strong>Dados de contacto do responsável pela proteção de dados:</strong></p>
<ul>
<li>LEGAL ADAPTA, CALLE RÍO SAN PEDRO N.º 4 1º DCHA, OVIEDO.</li>
<li>E-mail: dpo@legaladapta.com</li>
</ul>								</div>
				</div>
					</div>
		</div>
					</div>
		</section>
				</div>

<p>1. INFORMAÇÃO PARA O UTILIZADOR Quem é o responsável pelo tratamento dos seus dados? A UNAVETS CORP S.L. é a RESPONSÁVEL pelo tratamento dos dados pessoais do UTILIZADOR e informa que esses dados serão tratados de acordo com o disposto no Regulamento (UE) 2016/679, de 27 de abril (RGPD), e na Lei Orgânica espanhola 3/2018, &hellip; </p>
